d) = c*d**2 - 5*d - 7*d**2 + 3*d. Give p(-2).
-4
Let i = -52 + 33. Let h = 13 + i. Let j(c) = 2*c - 7. Let s(g) = 3*g - 7. Let m(w) = -4*j(w) + 3*s(w). Calculate m(h).
1
Let c(l) be the first derivative of l**3 - l**2 + 5*l + 2. Let m(y) = 4*y**2 - 3*y + 6. Let i(x) = -5*c(x) + 4*m(x). What is i(3)?
2
Suppose -14 = -n + 11. Let b(q) = -n*q - 2*q**2 + 27*q - 1 + 0*q**3 + q**3. What is b(3)?
14
Suppose 0 = 4*c - 7*c + 9. Suppose 2*f - 2*u - 2 = 4*f, 9 = -f - c*u. Let k(v) = f*v**2 - 3*v**2 - v**2 + 0*v**2 - 4 + 2*v. Calculate k(5).
-19
Let t(m) = -m - 22. Let f(p) = -p - 19. Let q(k) = 5*f(k) - 4*t(k). What is q(-3)?
-4
Suppose -u - i = -6, -2*i = -3*u - 0 - 7. Let m(t) = -13*t**3 + 3*t - 2. Give m(u).
-12
Let h(d) = -d**3 - 11*d**2 - 11*d - 9. Let u(p) = -p**3 - 6*p**2 - 2*p - 4. Let f be u(-6). Suppose -f*g + 40 = -12*g. Give h(g).
1
Suppose -5*k + 10 = -15. Suppose 4*r - 33 = -5*n, n + 0*r = k*r - 5. Let y(w) = -4*w - 1. Let x(d) = 2*d. Let p(g) = 5*x(g) + 3*y(g). Determine p(n).
-13
Let n(x) = -3*x + 2*x + 114 - 237 - 4*x + 119. Calculate n(-5).
21
Let t(a) = -a**3 + 9*a**2 - a + 4. Suppose 0 = 3*v + 2*d + 6 + 102, 4*v - 3*d + 144 = 0. Let w = v - -45. Give t(w).
-5
Suppose c = 50 - 1. Let f = c + -44. Let b(k) be the third derivative of k**4/24 - k**3 - 2*k**2. What is b(f)?
-1
Let x(b) = 2*b - 1. Suppose -d - 4*d = -45. Let k = d + -3. Suppose k*t - 2 = 5*t. Give x(t).
3
Let c(f) = f**2 + 7*f + 8. Let h = 1151 - 1157. Determine c(h).
2
Suppose 13*s + 33 = 16*s. Suppose -8*q - 9 = -s*q. Let i(k) = -k**3 + k**2 + 3*k + 3. What is i(q)?
-6
Let u(x) = x + 12. Let m be u(-5). Let r(i) = i**2 - 6*i - 6. Let s be r(m). Let q(w) = 3*w**2 - 1. Calculate q(s).
2
Let i = 32401/60 - 540. Let c(q) be the third derivative of -7/6*q**3 + 0 + 1/24*q**4 + 0*q + 11*q**2 - i*q**5. What is c(0)?
-7
Let r(b) = 3*b - 7 + 3*b**2 - b**3 + 10 - 5. Determine r(4).
-6
Suppose 5*t = -5 - 0. Let l be 1*-3*(-1)/t. Let u be 1*(3/l + -3). Let a(j) = j**3 + 4*j**2 + 2*j + 1. Give a(u).
-7
Let r(u) = u + u**2 - 4 + 2*u - 3*u. Let a be (-3)/(-2)*(4 + -6). Determine r(a).
5
Let j(o) be the first derivative of 5 - 2/3*o**3 - 5*o - 1/2*o**2. Let i(h) be the first derivative of j(h). Give i(1).
-5
Let p(c) = -3*c**2 - 13*c - 12. Let s(q) = 2*q**2 + 7*q + 6. Suppose 22 = 8*a - 18. Let k(g) = a*s(g) + 3*p(g). What is k(5)?
-1
Let t(i) be the third derivative of 2/3*i**3 + 1/8*i**4 + 0*i + 0 - 2*i**2. Let j be (14/4 - 2)/(29/(-116)). Calculate t(j).
-14
Let v(w) = w + 12. Let g be v(-9). Let l = g - 1. Suppose 0*r - 8 = -l*s - 3*r, -3*s = -3*r + 3. Let d(c) = 4*c + 1. What is d(s)?
5
Suppose 2*x - 8 = 8. Suppose -6*t - 2*p = -t + 24, -4*p = x. Let d(v) = -v**2 - 4*v - 3. Give d(t).
-3
Let t(v) = 2*v - 1. Let m be t(2). Let c(o) = 2*o + 0*o - 4*o + o**m. Suppose 2*s - 5 = -1. What is c(s)?
4
Let a(o) = -o**2 - o - 1. Let u(b) = 1. Let t(n) = a(n) - u(n). Calculate t(0).
-2
Let f(m) = 11*m + 9*m - 30*m + 8*m + 9 + 7. Determine f(4).
8
Let p(t) = -t**3 + 6*t**2 + 6*t + 10. Suppose -53 = v - 5*l, v - 3*l + 2*l = -53. Let q be v + (0 - -5) + -3. Let y be (-363)/q + (-4)/34. Give p(y).
3
Let s be 9/(9/(-3)) + (12 - 11). Let j(q) = q**3 - 2*q**2 - 4*q - 5. Calculate j(s).
-13
Suppose -4*t - k = -4*k + 39, 5*t + 4*k + 41 = 0. Let w = t - -11. Let r(q) = 6*q + 0 - w - 8*q + 7. Determine r(6).
-7
Let p(c) = 3*c + 1. Let i be ((-44)/8 + 3)*-2. Let n = i - 4. Give p(n).
4
Let n be (0 - 1) + (-1 - -2). Suppose 4*u = 2*j + 24, -2*u - 2 - 4 = 2*j. Let x = n + j. Let i(l) = l**3 + 5*l**2 - 7*l - 5. Determine i(x).
1
Let c(l) = -l**2 - 10*l + 5. Let d be c(-12). Let a = -8 - 10. Let p = d - a. Let w(m) = -6*m + 1. Calculate w(p).
7
Suppose 5*c + 60 = -z - 4*z, -4*z + 4*c - 48 = 0. Let a = z + 14. Let k(i) = a - 2 - 1 - 5*i. Determine k(-1).
4
Suppose 5*r = g + 16 - 0, -4*r + 3*g = -4. Suppose t = -t. Suppose 4*n + o - 17 = t, r*o = 2*n - 0*n - 22. Let p(b) = -2*b**2 + 6*b + 7. What is p(n)?
-13
Suppose 4*n - 5 - 7 = 0. Let q(g) = 2*g + g - 5*g - n + g. Calculate q(0).
-3
Let k(q) = -7*q + 2. Let p = -1551 - -1556. Give k(p).
-33
Let j(g) = 8*g**3 + 2*g**2 + g. Suppose -35 = -3*k + 2*u - 0*u, -5*k = 3*u - 71. Let f = 12 - k. What is j(f)?
-7
Let u(s) = 16*s**3 - 30*s**2 - 41*s - 64. Let y(d) = 3*d**3 - 6*d**2 - 8*d - 13. Let p(o) = -2*u(o) + 11*y(o). What is p(7)?
-8
Let m(h) = h - 12. Let z = -293 - -282. What is m(z)?
-23
Let h(z) be the second derivative of 1/2*z**3 - z + 1/4*z**4 - 3/2*z**2 + 0. Let u(g) = -4*g**2 - 2*g + 4. Let l(s) = -5*h(s) - 4*u(s). Give l(6).
-7
Let x(q) be the second derivative of 1/12*q**4 - 23*q + 0*q**2 + 1/6*q**3 + 0. What is x(2)?
6
Let r(v) be the first derivative of v**2 - 1/3*v**3 + 0*v - 10. Let q(x) = x + 14. Let n be q(-10). Give r(n).
-8
Let l be (-9)/((-6)/8*1). Suppose 4*r = -3*g - r - 1, -5*g - l = -2*r. Let n(t) be the third derivative of -t**5/60 + t**3/3 - 16*t**2 - 1. Give n(g).
-2
Let z(o) = 12*o + 1. Let s be (-4)/(-14) + (-13)/(728/72). Determine z(s).
-11
Let v(a) be the first derivative of 3*a**2 + 2*a - 118. What is v(-2)?
-10
Let s(v) be the second derivative of v**4/12 + 2*v**3/3 + v**2/2 + 98*v. What is s(-7)?
22
Let q(m) be the second derivative of m**5/120 - m**4/12 + 5*m**3/6 + 4*m. Let x(g) be the second derivative of q(g). Give x(7).
5
Let b(h) be the second derivative of -h**5/20 - h**4 + h**3/6 - 5*h**2/2 + 8*h - 6. Determine b(-12).
-17
Let f = 267 - 262. Let r(l) = -3*l**2 + 13*l + 4. Determine r(f).
-6
Let i be (-23)/(-4) + (-12)/16. Let y(o) = -o**2 + 4*o + 4. Let c be y(i). Let f(m) be the second derivative of m**4/12 - m**2/2 + 2*m. What is f(c)?
0
Let q be (4/2)/(-4*(-11)/(-88)). Let u(s) = -s**3 - 3*s**2 + 6*s + 3. Determine u(q).
-5
Let u(g) be the third derivative of g**5/6 + g**4/12 + g**3/6 + 143*g**2. Calculate u(-1).
9
Let z(u) be the first derivative of -u**4/4 + 4*u**3/3 + 5*u**2/2 + 2*u - 284. Give z(4).
22
Let q(l) = 2*l**2 - 3*l - 1. Let g(x) = 6*x**2 - 9*x + 1. Let d = 36 + -35. Let b be g(d). Determine q(b).
13
Let w(a) be the second derivative of -a**4/2 - 2*a**3/3 - 2*a**2 - 41*a. Let t be w(-1). Let c(o) = -o**3 - 7*o**2 - 8*o - 8. Determine c(t).
4
Let k(t) = -1 + 2 + 1 + 15*t - 14*t. Let f(g) = -g**3 + g + 2. Let h be f(2). Let p = h + 6. Determine k(p).
4
Let b(a) = -3*a - 6. Let g = 144 - 151. Let n(x) = -1 + 0 - 7*x - x**2 - 3. Let h be n(g). What is b(h)?
6
Let o(n) = 5*n**2 + 5*n - 9. Let j = 29 - 30. Let c(p) = p**2 + p - 1. Let q(s) = j*o(s) + 6*c(s). Calculate q(0).
3
Suppose -12*j - 4*j = -48. Suppose -j*d = 10*d - 78. Let w(l) = l**2 - 5*l - 2. Calculate w(d).
4
Let v(s) = -s**3 - s**2 - s - 1. Let y(i) = -i**3 - 5*i + 2. Let u(g) = 2*v(g) - y(g). Determine u(-3).
-4
Let o = 913 + -915. Let u(d) = -3*d**2 - 3*d. Calculate u(o).
-6
Let f(d) be the second derivative of -d**3/6 + 46*d + 2. Determine f(0).
0
Let v(i) = 11*i + 16. Let q(b) = -5*b - 8. Let d(f) = 9*q(f) + 4*v(f). Let x(l) = -l**2 + l - 2. Let p be x(2). Give d(p).
-4
Let a(w) = 14*w - 4. Let r(p) = 9*p - 3. Suppose -3*t - 8 = -2*t. Let b(m) = t*r(m) + 5*a(m). Calculate b(-3).
10
Let y(a) = -4*a**2 - 7*a + 6. Let p(z) = 14*z**2 + 22*z - 20. Let d(s) = -3*p(s) - 10*y(s). Calculate d(3).
-6
Let q(y) = 2*y. Let x be 5 + 1 + -5 + (-16)/(-4). Suppose -l + x*b + 3 = 0, -4*l - 3*b - 6 = -6*l. What is q(l)?
6
Let i(x) = -1795*x**2 + 3582*x**2 - 2 + 9*x - 1786*x**2. Determine i(-8).
-10
Let g(k) = -4*k**2 + 24 + 31*k - 53 + 12. Determine g(7).
4
Let c(b) = -b**3 + b + 4. Let p(i) = 4*i - 132. Let r be p(33). Calculate c(r).
4
Suppose -3*i - 76 = 29. Let c = -28 - i. Let t(j) = 2*j - 10. Give t(c).
4
Suppose v + 0*j - 21 = -4*j, -4*v - j = -54. Let z(i) = -i**2 + 0*i - i - 2*i - 7 + v. What is z(-5)?
-4
Let y(z) = -z**2 + 23 - 2*z + 0*z**2 + 0*z**2 - 21. What is y(3)?
-13
Let p(v) = -v - 2. Suppose 2*n + 10 = 2*m + 3*n, 0 = 4*m - 4*n - 44. Suppose m*s - 39 = 10. Calculate p(s).
-9
Let m(d) be the first derivative of -d**4/4 - 14*d**3/3 - d**2/2 - 2*d - 248. What is m(-14)?
12
Let w(x) be the first derivative of -x**4/4 + 2*x**3 - 5*x**2/2 + 7*x + 26. Let k(h) = h**2 - 2*h - 3. Let q be k(4). Calculate w(q).
7
Let b(l) = l + 5. Let c(x) = 1. Let f(i) = -b(i) - 2*c(i). Let u be f(-10). Let g(d) = d**3 - 4*d**2 + d - 3. Calculate g(u).
-9
Let i be (4